
What is the ten thousands digit of 4032915116?
1
What is the hundred millions digit of 278994266?
2
What is the ten millions digit of 204197157?
0
What is the hundreds digit of 670085480?
4
What is the hundred millions digit of 9624859395?
6
What is the hundred thousands digit of 724369874?
3
What is the hundred millions digit of 394535350?
3
What is the hundreds digit of 2858243881?
8
What is the hundred thousands digit of 28514131?
5
What is the millions digit of 834879580?
4
What is the hundreds digit of 55199312?
3
What is the hundreds digit of 201844932?
9
What is the thousands digit of 331218822?
8
What is the hundred millions digit of 4152759384?
1
What is the thousands digit of 113129761?
9
What is the thousands digit of 40063806?
3
What is the ten millions digit of 1393967721?
9
What is the ten thousands digit of 171564514?
6
What is the ten millions digit of 14282706?
1
What is the thousands digit of 94747322?
7
What is the hundreds digit of 227012413?
4
What is the hundred thousands digit of 1180248821?
2
What is the tens digit of 2403100259?
5
What is the units digit of 104817431?
1
What is the thousands digit of 7991998283?
8
What is the millions digit of 2555833?
2
What is the hundred millions digit of 3046288797?
0
What is the tens digit of 42471090?
9
What is the ten millions digit of 214602336?
1
What is the thousands digit of 135353705?
3
What is the units digit of 7451362219?
9
What is the millions digit of 18974108?
8
What is the tens digit of 12647415?
1
What is the ten thousands digit of 221574176?
7
What is the thousands digit of 48490316?
0
What is the millions digit of 2350295004?
0
What is the millions digit of 3604444022?
4
What is the ten thousands digit of 2396712066?
1
What is the tens digit of 6381908240?
4
What is the hundreds digit of 1776188914?
9
What is the hundreds digit of 105854876?
8
What is the hundreds digit of 2161666742?
7
What is the hundreds digit of 1217185708?
7
What is the hundred thousands digit of 243445514?
4
What is the ten thousands digit of 2619834121?
3
What is the millions digit of 2273510885?
3
What is the ten thousands digit of 3382191268?
9
What is the ten millions digit of 193312544?
9
What is the millions digit of 56061751?
6
What is the hundreds digit of 63430682?
6
What is the ten thousands digit of 23667544?
6
What is the millions digit of 55202845?
5
What is the thousands digit of 4331150?
1
What is the units digit of 171091049?
9
What is the hundreds digit of 186330425?
4
What is the ten millions digit of 48330300?
4
What is the ten millions digit of 119205175?
1
What is the tens digit of 321604499?
9
What is the hundreds digit of 906989333?
3
What is the thousands digit of 184376101?
6
What is the hundreds digit of 236178708?
7
What is the hundred thousands digit of 231412457?
4
What is the units digit of 198562333?
3
What is the hundred thousands digit of 322287321?
2
What is the ten millions digit of 140593053?
4
What is the tens digit of 997683253?
5
What is the hundreds digit of 45850111?
1
What is the hundreds digit of 1352519409?
4
What is the thousands digit of 103549320?
9
What is the hundreds digit of 3010800063?
0
What is the thousands digit of 660532687?
2
What is the ten millions digit of 833882278?
3
What is the ten millions digit of 77783678?
7
What is the millions digit of 43167571?
3
What is the units digit of 104907030?
0
What is the hundreds digit of 1359494526?
5
What is the ten millions digit of 494791871?
9
What is the units digit of 25160731?
1
What is the units digit of 148822779?
9
What is the millions digit of 29092727?
9
What is the hundred thousands digit of 1338896590?
8
What is the units digit of 102731088?
8
What is the ten thousands digit of 386931246?
3
What is the tens digit of 4541174015?
1
What is the ten thousands digit of 597178190?
7
What is the tens digit of 609764622?
2
What is the hundreds digit of 16148601?
6
What is the millions digit of 5565035594?
5
What is the ten millions digit of 53750050?
5
What is the thousands digit of 56328284?
8
What is the hundreds digit of 1997190149?
1
What is the hundred thousands digit of 14941345?
9
What is the billions digit of 1958818245?
1
What is the units digit of 31047981?
1
What is the millions digit of 4548776299?
8
What is the ten millions digit of 315480739?
1
What is the hundred thousands digit of 263535289?
5
What is the thousands digit of 929555552?
5
What is the hundreds digit of 4596289080?
0
What is the hundred millions digit of 6141699923?
1
What is the thousands digit of 186723767?
3
What is the tens digit of 84728139?
3
What is the hundred millions digit of 249856943?
2
What is the thousands digit of 32255802?
5
What is the millions digit of 809537087?
9
What is the millions digit of 288196775?
8
What is the ten thousands digit of 10445596?
4
What is the millions digit of 79568281?
9
What is the hundred thousands digit of 277155749?
1
What is the hundred millions digit of 275271039?
2
What is the millions digit of 81090498?
1
What is the ten millions digit of 47375350?
4
What is the thousands digit of 498931540?
1
What is the hundred millions digit of 3297536113?
2
What is the ten thousands digit of 2746733905?
3
What is the ten thousands digit of 23364536?
6
What is the thousands digit of 29198837?
8
What is the millions digit of 1393811094?
3
What is the thousands digit of 149040035?
0
What is the hundred millions digit of 1270055085?
2
What is the units digit of 1075310220?
0
What is the hundreds digit of 4578042?
0
What is the millions digit of 252194441?
2
What is the hundreds digit of 65515954?
9
What is the millions digit of 528289165?
8
What is the tens digit of 1191613406?
0
What is the thousands digit of 109827757?
7
What is the thousands digit of 234468895?
8
What is the ten thousands digit of 1275674436?
7
What is the units digit of 2181551324?
4
What is the hundred millions digit of 301854770?
3
What is the ten millions digit of 457177297?
5
What is the tens digit of 2979947922?
2
What is the millions digit of 227206457?
7
What is the hundred thousands digit of 1608408?
6
What is the units digit of 29455236?
6
What is the thousands digit of 7965908259?
8
What is the tens digit of 7892771?
7
What is the ten thousands digit of 39094169?
9
What is the thousands digit of 4398502?
8
What is the thousands digit of 9628168099?
8
What is the ten thousands digit of 86377615?
7
What is the hundred millions digit of 2793317989?
7
What is the millions digit of 11405721?
1
What is the units digit of 67226984?
4
What is the millions digit of 6215938?
6
What is the thousands digit of 1296344621?
4
What is the thousands digit of 146599734?
9
What is the tens digit of 13471499?
9
What is the units digit of 15932822?
2
What is the hundred thousands digit of 6153677741?
6
What is the thousands digit of 15109836?
9
What is the millions digit of 621053960?
1
What is the hundreds digit of 717758212?
2
What is the tens digit of 76351009?
0
What is the hundreds digit of 110354919?
9
What is the hundreds digit of 485886922?
9
What is the tens digit of 261337406?
0
What is the hundred millions digit of 308157195?
3
What is the hundred millions digit of 207049488?
2
What is the units digit of 2154186545?
5
What is the hundreds digit of 169239697?
6
What is the units digit of 47781622?
2
What is the hundred thousands digit of 150164823?
1
What is the thousands digit of 11470892?
0
What is the thousands digit of 434613245?
3
What is the ten thousands digit of 2129046136?
4
What is the hundred millions digit of 1226258408?
2
What is the tens digit of 13614147?
4
What is the units digit of 95142781?
1
What is the millions digit of 60320033?
0
What is the hundreds digit of 105162788?
7
What is the hundred thousands digit of 999970619?
9
What is the millions digit of 38499666?
8
What is the hundreds digit of 71315296?
2
What is the thousands digit of 3429882344?
2
What is the ten millions digit of 1421928184?
2
What is the tens digit of 881601519?
1
What is the ten thousands digit of 229625311?
2
What is the ten millions digit of 478199149?
7
What is the ten millions digit of 2268062757?
6
What is the thousands digit of 65824716?
4
What is the tens digit of 371721746?
4
What is the tens digit of 9